= 0. Suppose -2*v + 946 = 2*i, -5*i + v + 2365 = m*v. Is i a prime number?
False
Let p(y) = -6*y**3 - 49*y**2 - 8*y - 182. Is p(-33) composite?
False
Let n = -2 + -32. Let y = n + 42. Is (-358)/3*(84/y)/(-7) a composite number?
False
Suppose g - 2*g + z - 12268 = 0, -g + 3*z - 12264 = 0. Let p = 21205 + g. Is p composite?
True
Suppose -2*s - 3*l + 322643 = 0, 4*s - 322673 = 2*s + 3*l. Suppose -23*w = -4*w - s. Is w prime?
False
Let u(q) = 12*q**2 - 4*q + 22. Let h be u(-6). Let l = h + 157. Is l prime?
False
Let k(n) = -n**2 + 13*n - 8. Let z be k(12). Suppose -8*j = -z*j. Suppose j = 4*y + p - 83, -3*y = p - 5*p - 67. Is y a prime number?
False
Let l be ((-8)/3)/4*(-2883)/(-2). Let k = l + 1728. Is k prime?
False
Suppose 19 - 6 = -d. Let u(m) = -23*m - 30. Let z be u(d). Suppose 5*r - z = -2*w, r - 19 - 27 = -3*w. Is r a prime number?
False
Suppose -481076 = 5*q + 2*r - 1234665, -2*r + 301426 = 2*q. Is q a composite number?
False
Suppose 33*f - 346996 = 29*f + 3*o, 2*o = 0. Is f composite?
True
Suppose 4*d = -5*g + 261099, -g - 197335 + 66768 = -2*d. Is d composite?
True
Let b = 251345 - 145205. Suppose -b = -5*a - 3*n, 98790 = 4*a + n + 13871. Is a/7 + (2/2 - -1) a composite number?
True
Suppose -3*g - 4*w - 58 = -0*g, 2*g + w + 32 = 0. Let t(o) = 7*o**2 + 2*o - 39 + 13*o + 20*o**2 - 20*o**2 - 2*o. Is t(g) prime?
True
Let s = -1830 + 2539. Is s composite?
False
Let v = 4277 - -25386. Is v a composite number?
False
Suppose 0 = -4*w - 26*k + 29*k + 556268, 0 = 5*w + k - 695335. Is w composite?
False
Let j(i) = 2*i**3 + i**2 - 5*i + 8419. Suppose c = -12*c. Is j(c) a prime number?
True
Suppose 8*r + 220 = -2*r. Let t(g) = g + 23. Let b be t(r). Is (-8882 - b)/(-7) + -2*1 a prime number?
False
Suppose -3*z + 207517 = 27*z - 4425263. Is z prime?
False
Let o = 1253 - 828. Suppose 4*g - 3*g - 4*p - o = 0, p = 5*g - 2201. Let i = -254 + g. Is i a composite number?
True
Suppose 42*z = 873629 + 8077. Is z a prime number?
False
Let p(k) be the first derivative of -k**2/2 + 30*k + 14. Let v be p(20). Let q(y) = 4*y**3 - 6*y**2 + 7*y + 23. Is q(v) prime?
False
Suppose 0 = -24*j + 28*j + 2*d - 2174526, 3*j - d - 1630912 = 0. Is j composite?
True
Suppose 0 = -3*o + 67*o + 12*o - 4553996. Is o a prime number?
True
Is 38 + -33 + (54516 - 0) a composite number?
False
Let k(s) = -s**2 + 5*s. Let j be k(4). Suppose -j*d = -5*d + 3491. Is d composite?
False
Let f = -10397 + 4743. Is 3*14/4*f/(-33) a prime number?
False
Let b(q) = -143*q**2 - q - 114. Let o be b(-10). Let m = -10207 - o. Is m a prime number?
False
Let d = -138 + 141. Is ((-2)/d)/((-62)/27249) a prime number?
True
Suppose 5*w - 7*w = 4*z - 211822, 2*w - 4*z - 211774 = 0. Is w a composite number?
False
Suppose -4*f = -3*b + 22, -4*b + 5*f - 2*f + 20 = 0. Is b*(-12)/(-8) - 1788/(-6) prime?
False
Let g(x) = 3*x**2 - 6*x + 10068. Let c(t) = t**2 - 2*t + 5035. Let l(r) = 5*c(r) - 2*g(r). Is l(0) a composite number?
False
Is ((-1)/2)/(2/(7079080/(-10))) prime?
True
Let d = 2323 + 12648. Suppose 44*u - d = 33*u. Is u a composite number?
False
Suppose -3*s - 5*l - 56 = s, l = -5*s - 70. Let d = 111 + s. Let j = 148 - d. Is j prime?
False
Let q = -14008 + 27536. Suppose g - 2*g = u - q, 0 = -4*g - 12. Is u composite?
True
Is ((-299706)/(-44) + 11)/(1/2) composite?
True
Let y(s) be the second derivative of 184*s**3/3 - 295*s**2/2 + 113*s. Is y(31) a prime number?
True
Suppose 70*i - 1617396 = 5911034. Is i composite?
True
Suppose -4*o + 4*u - u = -40, -3*o + 30 = -5*u. Suppose o*p - 16436 = 7754. Let z = p - 980. Is z composite?
False
Suppose 0 = 13*c + 11473 + 127341. Let o = c + 29573. Is o a composite number?
True
Is 247397/15 + 1605/(-225) + 7 prime?
True
Suppose -865 - 397 = -r. Suppose 0 = 2*u + 8, n = -5*u - 0*u + r. Is n a prime number?
False
Let u = 159106 + -93032. Is u a composite number?
True
Suppose -32 = -4*o - 4*u, -2*o = u - 2 - 13. Is 58/203 + ((-108501)/o)/(-3) a composite number?
False
Suppose 4*v - 665 = 1191. Let n = -2155 - -1442. Let s = v - n. Is s prime?
False
Let n(v) = 2559*v**2 - 2*v - 84. Is n(-5) composite?
False
Let f(v) = -3*v**3 - 17*v**2 - 17. Let l be f(-7). Is (l/(-2))/(10 - 3105/310) a composite number?
True
Suppose -2*m - 12 = 3*r - 5*r, 3*m - 17 = -2*r. Suppose 9186 + 15251 = r*t. Is t a prime number?
True
Suppose 0 = 4*l - 8*l + 24, 4*z - 3136970 = -l. Is z a prime number?
False
Suppose 2*c - w - 2 = 0, -20*c + 3*w - 21 = -23*c. Let f be 1 + 1 - -1*3. Suppose -5 = f*s + 5, -z - c*s = -1367. Is z prime?
True
Suppose 16*n - 1762238 - 605106 = 0. Suppose 32*l - 25*l = n. Is l prime?
False
Suppose 0 = -30*t + 50*t - 314540. Is t prime?
True
Let w(u) = 13237*u - 832. Is w(5) prime?
True
Let n be (-29)/(-5) - (3 - (-22)/(-10)). Suppose -2*b - 1843 = -l, -11871 = -n*l - 3*b - 2630. Is l a composite number?
False
Let a be (12/(-15))/(2/(-5)) - -811. Let f = a + -94. Is f prime?
True
Is (-1 - 35/(-25))/((-188)/(-184648430)) a composite number?
True
Suppose -7*f + 8*f - b - 128442 = 0, 513803 = 4*f + b. Is f a composite number?
False
Suppose -1153720 = -4*h + h + 1819079. Is h prime?
False
Let p(g) = 120*g**3 + 12*g**2 - 6*g + 13. Let h = 372 + -366. Is p(h) composite?
True
Suppose -3*w + 2594 = -1282. Suppose 2*v + w = 4*v. Suppose 8*a = v + 682. Is a a composite number?
True
Let s be ((2 - -3) + -3)*790/4. Suppose -1535 + s = -2*t. Suppose 0 = 4*u - 2786 - t. Is u a prime number?
True
Let h be (-1106)/(-3) + 2/6. Suppose -88*b + 145*b = 8664. Suppose -b = -v + h. Is v a prime number?
True
Let v(q) = -q + 4. Let s = -37 + 36. Let w be v(s). Let o(m) = 19*m - 6. Is o(w) a prime number?
True
Let t be -6*2/((-8)/6434). Suppose -4*c + 1681 = -t. Is c a prime number?
True
Suppose -5*c + 6*c + p = 0, 3*p - 12 = 0. Let q(m) = -m**2 - 2*m + 1. Let i be q(-2). Is (46 - (4 + c))/i composite?
True
Suppose 21*m - 131 = -24*m + 94. Let r = 8 + -5. Suppose 3*c - f - r*f - 269 = 0, 425 = 5*c + m*f. Is c a prime number?
False
Suppose -17*i = -16*i - 91. Let x = i - 89. Suppose -c + 409 = s, 7*s = 2*s + x*c + 2073. Is s a composite number?
True
Let t = 455 + -450. Let j = 97 + 28. Suppose 0 = t*c - 5720 - j. Is c composite?
True
Let u be 27929 + -24 - (0 - -7). Suppose -d = -p - u, -14*d + 18*d = 5*p + 111591. Is d a prime number?
False
Let k(m) = -107*m - 16. Let s(a) = 53*a + 8. Let n(r) = -4*k(r) - 7*s(r). Let u be n(-4). Let j = u - -377. Is j a prime number?
True
Suppose 5*n = -5*p + 134400 + 916355, -420312 = -2*n + 3*p. Is n prime?
False
Let m(k) = -k**2 + 17*k - 26. Let w(b) = -b. Let f(t) = -m(t) - 3*w(t). Let g be f(11). Is 40*268/56 - (-3)/g a composite number?
False
Suppose 15032662 = 44*d - 14*d + 16*d. Is d prime?
False
Let v(z) = -6173*z**3 - 9*z**2 + 65. Is v(-4) a prime number?
True
Suppose -8851473 = -16*c - 2052577. Is c prime?
False
Let j(x) = 5242*x**2 + 193*x + 47. Is j(4) a prime number?
True
Let x(y) = 516*y + 520*y - 1032*y + 46*y**2 + 59. Is x(-12) a composite number?
True
Suppose 5*d = -69*l + 73*l + 573, 0 = 5*d + 4*l - 557. Is d a prime number?
True
Let p be 45/39 + -1 - 1738/143. Is ((-44788)/(-12) + 0)/((-4)/p) a prime number?
True
Let x be (-1*2)/((-2)/(-149)). Let k(b) = -6*b**3 + 5*b**2 - 10*b - 21. Let f be k(-3). Let v = f + x. Is v a prime number?
True
Let g be (-72000 - (5 + -6))*-2. Suppose 49646 - g = -16*m. Is m prime?
True
Let a be (-3)/(-5)*(2 + 28). Suppose 2 = -n, -5*c + 3*n + a = -c. Suppose -c*d + d + 4*s + 650 = 0, 0 = -4*d + 4*s + 1308. Is d a composite number?
True
Suppose -2*w - 3*w + 10 = 0. Suppose -16 = -w*i - 4*u, -5*i + 8 = 2*u - 8. Is i/(-5) - 192/(-30) prime?
False
Let v = 486 - -7855. Is v prime?
False
Is 2/(-7) + (-9 - (-128)/14)*4643851 composite?
False
Suppose 5*m + 4*n + 52082 = 3*m, 2*n = 2*m + 52094. Is m/(-10) - 2/(-4) prime?
False
Let v(y) = 81*y**2 + 5*y + 3. Let f(d) = 244*d**2 + 19*d + 9. Let i(k) = -2*f(k) + 7*v(k). Is i(4) a composite number?
True
Let x = 3436 - -786. Let s = -1613 + x. Is s a prime number?
True
Suppose 64 - 28 = 12*k. Suppose -k*s + 79189 = s + m, 2*s + 3*m = 39597. Is s prime?
False
Suppose -4*y = -7*y + f + 1216797, -2*y + 5*f + 811198 = 0. Is y composite?
False
Suppose 2*l - 2*r = 22, -2*r = -4*l + 16 + 20. Let z = l - 7. Suppose -h - 4*m + 879 = z, 6*h - 3*h - 2665 = 2*m. Is h a composite number?